{"id":183,"date":"2017-01-10T11:05:38","date_gmt":"2017-01-10T10:05:38","guid":{"rendered":"http:\/\/smr-industries.fr\/index.html\/?page_id=183"},"modified":"2024-10-23T09:55:28","modified_gmt":"2024-10-23T07:55:28","slug":"smr-industries","status":"publish","type":"page","link":"https:\/\/smr-industries.fr\/index.html\/smr-industries\/","title":{"rendered":"SMR Industries"},"content":{"rendered":"<p>SMR Industries Pr\u00e9sentation de la soci\u00e9t\u00e9 La SMR Industries (Soci\u00e9t\u00e9 M\u00e9diterran\u00e9enne de Reconditionnement) cr\u00e9\u00e9e en 1985 est une soci\u00e9t\u00e9 de requalification d&#8217;\u00e9quipements sous pression situ\u00e9e dans le Var. Horaires d&#8217;ouverture : Nous accueillons nos clients et <a href=\"https:\/\/smr-industries.fr\/index.html\/smr-industries\/\" title=\"Read more on SMR Industries\" class=\"more-link\">read more<\/a><\/p>\n","protected":false},"excerpt":{"rendered":"<p>SMR Industries Pr\u00e9sentation de la soci\u00e9t\u00e9 La SMR Industries (Soci\u00e9t\u00e9 M\u00e9diterran\u00e9enne de Reconditionnement) cr\u00e9\u00e9e en 1985 est une soci\u00e9t\u00e9 de requalification d&#8217;\u00e9quipements sous pression situ\u00e9e dans le Var. Horaires d&#8217;ouverture : Nous accueillons nos clients et read more<\/p>\n","protected":false},"author":1,"featured_media":0,"parent":0,"menu_order":2,"comment_status":"closed","ping_status":"closed","template":"","meta":[],"_links":{"self":[{"href":"https:\/\/smr-industries.fr\/index.html\/wp-json\/wp\/v2\/pages\/183"}],"collection":[{"href":"https:\/\/smr-industries.fr\/index.html\/wp-json\/wp\/v2\/pages"}],"about":[{"href":"https:\/\/smr-industries.fr\/index.html\/wp-json\/wp\/v2\/types\/page"}],"author":[{"embeddable":true,"href":"https:\/\/smr-industries.fr\/index.html\/wp-json\/wp\/v2\/users\/1"}],"replies":[{"embeddable":true,"href":"https:\/\/smr-industries.fr\/index.html\/wp-json\/wp\/v2\/comments?post=183"}],"version-history":[{"count":243,"href":"https:\/\/smr-industries.fr\/index.html\/wp-json\/wp\/v2\/pages\/183\/revisions"}],"predecessor-version":[{"id":2629,"href":"https:\/\/smr-industries.fr\/index.html\/wp-json\/wp\/v2\/pages\/183\/revisions\/2629"}],"wp:attachment":[{"href":"https:\/\/smr-industries.fr\/index.html\/wp-json\/wp\/v2\/media?parent=183"}],"curies":[{"name":"wp","href":"https:\/\/api.w.org\/{rel}","templated":true}]}}