{"id":1834,"date":"2018-07-06T09:53:19","date_gmt":"2018-07-06T07:53:19","guid":{"rendered":"http:\/\/smr-industries.fr\/index.html\/?page_id=1834"},"modified":"2018-07-06T11:04:45","modified_gmt":"2018-07-06T09:04:45","slug":"politique-de-confidentialite","status":"publish","type":"page","link":"https:\/\/smr-industries.fr\/index.html\/politique-de-confidentialite\/","title":{"rendered":"Politique de confidentialit\u00e9"},"content":{"rendered":"<h2 style=\"text-align: center;\">POLITIQUE DE CONFIDENTIALITE<\/h2>\n<h3 style=\"text-align: center;\"><span style=\"color: #1e73be;\">SMR\u00a0<\/span>INDUSTRIES<\/h3>\n<p>Puisque SMR Industries porte une attention particuli\u00e8re \u00e0 ses fid\u00e8les clients, nous mettons \u00e0 votre disposition notre politique de confidentialit\u00e9 r\u00e9vis\u00e9 le 4 Juillet 2018 en vue d\u2019une mise en conformit\u00e9 RGPD.<\/p>\n<p>&nbsp;<\/p>\n<h4><span style=\"color: #1e73be;\">ARTICLE 1\u00a0:<\/span> Pr\u00e9ambule<\/h4>\n<p>Cette politique de confidentialit\u00e9 s\u2019applique au site\u00a0: <a href=\"https:\/\/smr-industries.fr\/index.html\/\">www.smr-industries.fr<\/a><\/p>\n<p>La pr\u00e9sente politique de confidentialit\u00e9 a pour but d\u2019exposer aux utilisateurs du site\u00a0:<\/p>\n<ul>\n<li>La mani\u00e8re dont sont collect\u00e9es et trait\u00e9es leurs donn\u00e9es \u00e0 caract\u00e8re personnel. Doivent \u00eatre consid\u00e9r\u00e9es comme donn\u00e9es personnelles toutes les donn\u00e9es \u00e9tant susceptibles d\u2019identifier un utilisateur. Il s\u2019agit notamment du pr\u00e9nom et du nom, de l\u2019\u00e2ge, de l\u2019adresse postale, l\u2019adresse mail, la localisation de l\u2019utilisateur ou encore son adresse IP.<\/li>\n<li>Quels sont les droits des utilisateurs concernant ces donn\u00e9es.<\/li>\n<li>Qui est responsable du traitement des donn\u00e9es \u00e0 caract\u00e8re personnel collect\u00e9es et trait\u00e9es.<\/li>\n<li>A qui ces donn\u00e9es sont transmises.<\/li>\n<li>Eventuellement, la politique du site en mati\u00e8re de fichiers \u00ab\u00a0cookies\u00a0\u00bb.<\/li>\n<\/ul>\n<p>Cette politique de confidentialit\u00e9 compl\u00e8te les mentions l\u00e9gales et les Conditions G\u00e9n\u00e9rales d\u2019Utilisation que les utilisateurs peuvent consulter \u00e0 l\u2019adresse ci-apr\u00e8s\u00a0:<\/p>\n<p><a href=\"https:\/\/smr-industries.fr\/index.html\/mentions-legales\/\">https:\/\/smr-industries.fr\/index.html\/mentions-legales\/<\/a><\/p>\n<p>&nbsp;<\/p>\n<h4><span style=\"color: #1e73be;\">ARTICLE 2\u00a0:<\/span> Principes g\u00e9n\u00e9raux de collecte et de traitement de donn\u00e9esPRINCIPES G\u00c9N\u00c9RAUX DE COLLECTE ET DE TRAITEMENT DE DONN\u00c9ES<\/h4>\n<p>Conform\u00e9ment aux dispositions de l\u2019article 5 du R\u00e8glement europ\u00e9en 2016\/679, la collecte et le traitement des donn\u00e9es des utilisateurs du site respectent les principes suivants\u00a0:<\/p>\n<ul>\n<li>Lic\u00e9it\u00e9, loyaut\u00e9 et transparence\u00a0: les donn\u00e9es ne peuvent \u00eatre collect\u00e9es qu\u2019avec le consentement de l\u2019utilisateur propri\u00e9taire des donn\u00e9es. A chaque fois que des donn\u00e9es \u00e0 caract\u00e8re personnel seront collect\u00e9es, il sera indiqu\u00e9 \u00e0 l\u2019utilisateur que ses donn\u00e9es sont collect\u00e9es, et pour quelles raisons ses donn\u00e9es sont collect\u00e9es.<\/li>\n<li>Finalit\u00e9s limit\u00e9es\u00a0: la collecte et le traitement des donn\u00e9es sont ex\u00e9cut\u00e9s pour r\u00e9pondre \u00e0 un ou plusieurs objectifs d\u00e9termin\u00e9s dans les pr\u00e9sentes conditions g\u00e9n\u00e9rales d\u2019utilisation.<\/li>\n<li>Minimisation de la collecte et du traitement des donn\u00e9es\u00a0: seules les donn\u00e9es n\u00e9cessaires \u00e0 la bonne ex\u00e9cution des objectifs poursuivis par le site sont collect\u00e9es.<\/li>\n<li>Conservation des donn\u00e9es r\u00e9duite dans le temps\u00a0: les donn\u00e9es sont conserv\u00e9es pour une dur\u00e9e limit\u00e9e, dont l\u2019utilisateur est inform\u00e9.<\/li>\n<li>Int\u00e9grit\u00e9 et confidentialit\u00e9 des donn\u00e9es collect\u00e9es et trait\u00e9es\u00a0: le responsable du traitement des donn\u00e9es s\u2019engage \u00e0 garantir l\u2019int\u00e9grit\u00e9 et la confidentialit\u00e9 des donn\u00e9es collect\u00e9es.<\/li>\n<\/ul>\n<p>Afin d\u2019\u00eatre licites, et ce conform\u00e9ment aux exigences de l\u2019article 6 du r\u00e8glement europ\u00e9en 2016\/679, la collecte et le traitement des donn\u00e9es \u00e0 caract\u00e8re personnel ne pourront intervenir que s\u2019ils respectent au moins l\u2019une des conditions ci-apr\u00e8s \u00e9num\u00e9r\u00e9es.<\/p>\n<ul>\n<li>L\u2019utilisateur a express\u00e9ment consenti au traitement.<\/li>\n<li>Le traitement est n\u00e9cessaire \u00e0 la bonne ex\u00e9cution d\u2019un contrat.<\/li>\n<li>Le traitement r\u00e9pond \u00e0 une obligation l\u00e9gale.<\/li>\n<li>Le traitement s\u2019explique par une n\u00e9cessit\u00e9 li\u00e9e \u00e0 la sauvegarde des int\u00e9r\u00eats vitaux de la personne concern\u00e9e ou d\u2019une autre personne physique.<\/li>\n<li>Le traitement peut s\u2019expliquer par une n\u00e9cessit\u00e9 li\u00e9e \u00e0 l\u2019ex\u00e9cution d\u2019une mission d\u2019int\u00e9r\u00eat public ou qui rel\u00e8ve de l\u2019exercice de l\u2019autorit\u00e9 publique.<\/li>\n<li>Le traitement et la collecte des donn\u00e9es \u00e0 caract\u00e8re personnel sont n\u00e9cessaires aux fins des int\u00e9r\u00eats l\u00e9gitimes et priv\u00e9s poursuivis par le responsable du traitement ou par un tiers.<\/li>\n<\/ul>\n<h3><\/h3>\n<h4><span style=\"color: #1e73be;\">ARTICLE 3\u00a0:<\/span> DONN\u00c9ES \u00c0 CARACT\u00c8RE PERSONNEL COLLECT\u00c9ES ET TRAIT\u00c9ES DANS LE CADRE DE LA NAVIGATION SUR LE SITE<\/h4>\n<h5>A\/ Donn\u00e9es collect\u00e9es et trait\u00e9es et mode de collecte<\/h5>\n<p>Les donn\u00e9es \u00e0 caract\u00e8re personnel collect\u00e9es sur le site SMR Industries sont les suivantes\u00a0:<\/p>\n<ul>\n<li>Noms<\/li>\n<li>Emails<\/li>\n<\/ul>\n<p>Ces donn\u00e9es sont collect\u00e9es lorsque l\u2019utilisateur effectue l\u2019une des op\u00e9rations suivantes sur le site\u00a0:<\/p>\n<ul>\n<li>Formulaire pour contacter SMR Industries<\/li>\n<\/ul>\n<p>Le responsable du traitement conservera dans ses syst\u00e8mes informatiques et dans des conditions raisonnables de s\u00e9curit\u00e9 l\u2019ensemble des donn\u00e9es collect\u00e9es pour une dur\u00e9e de 5 ans.<\/p>\n<h5>B\/ Transmission des donn\u00e9es \u00e0 des tiers<\/h5>\n<p>Les donn\u00e9es peuvent \u00eatre transmises au(x) tiers ci-apr\u00e8s \u00e9num\u00e9r\u00e9(s)\u00a0:<\/p>\n<ul>\n<li>ContactForms7\u00a0: Gestion des formulaires<\/li>\n<\/ul>\n<h5>C\/ H\u00e9bergement des donn\u00e9es<\/h5>\n<p>Le site SMR Industries est h\u00e9berg\u00e9 par OVH, dont le si\u00e8ge est situ\u00e9 \u00e0 l\u2019adresse ci-apr\u00e8s\u00a0:<\/p>\n<p>2 rue Kellerman \u2013 59100 Roubaix \u2013 France<\/p>\n<p>L\u2019h\u00e9bergeur peut \u00eatre contact\u00e9 au num\u00e9ro de t\u00e9l\u00e9phone suivant\u00a0: +33 9 72 10 10 07<\/p>\n<p>Les donn\u00e9es collect\u00e9es et trait\u00e9es par le site sont exclusivement h\u00e9berg\u00e9es et trait\u00e9es en France<\/p>\n<p>&nbsp;<\/p>\n<h4><span style=\"color: #1e73be;\">ARTICLE 4\u00a0:<\/span> RESPONSABLE DU TRAITEMENT DES DONN\u00c9ES ET D\u00c9L\u00c9GU\u00c9 \u00c0 LA PROTECTION DES DONN\u00c9ES<\/h4>\n<h5>A\/ Le responsable du traitement des donn\u00e9es<\/h5>\n<p>Le responsable du traitement des donn\u00e9es \u00e0 caract\u00e8re personnel est SMR Industries. Il peut \u00eatre contact\u00e9 par e-mail \u00e0 l\u2019adresse <a href=\"mailto:philippe@smr-industries.fr\">philippe@smr-industries.fr<\/a>.<\/p>\n<p>Le responsable du traitement des donn\u00e9es est charg\u00e9 de d\u00e9terminer les finalit\u00e9s et les moyens mis au service du traitement des donn\u00e9es \u00e0 caract\u00e8re personnel.<\/p>\n<h5>B\/ Obligations du responsable du traitement des donn\u00e9es<\/h5>\n<p>Le responsable du traitement s\u2019engage \u00e0 prot\u00e9ger les donn\u00e9es \u00e0 caract\u00e8re personnel collect\u00e9es, \u00e0 ne pas les transmettre \u00e0 des tiers sans que l\u2019utilisateur n\u2019en ai \u00e9t\u00e9 inform\u00e9 et \u00e0 respecter les finalit\u00e9s pour lesquelles ces donn\u00e9es ont \u00e9t\u00e9 collect\u00e9es.<\/p>\n<p>Le site dispose d\u2019un certificat SSL afin de garantir que les informations et le transfert des donn\u00e9es transitant par le site sont s\u00e9curis\u00e9s. Un certificat SSL (\u00ab\u00a0Secure Socket Layer\u00a0\u00bb Certificate) a pour but de s\u00e9curiser les donn\u00e9es \u00e9chang\u00e9es entre l\u2019utilisateur et le site.<\/p>\n<p>De plus, le responsable du traitement des donn\u00e9es s\u2019engage \u00e0 notifier l\u2019utilisateur en cas de rectification ou de suppression des donn\u00e9es, \u00e0 moins que cela n\u2019entra\u00eene pour lui des formalit\u00e9s, co\u00fbts et d\u00e9marches disproportionn\u00e9es.<\/p>\n<p>Dans le cas o\u00f9 l\u2019int\u00e9grit\u00e9, la confidentialit\u00e9 ou la s\u00e9curit\u00e9 des donn\u00e9es \u00e0 caract\u00e8re personnel de l\u2019utilisateur est compromise, le responsable du traitement s\u2019engage \u00e0 informer l\u2019utilisateur par tout moyen.<\/p>\n<h5>C\/ Le d\u00e9l\u00e9gu\u00e9 \u00e0 la protection des donn\u00e9es<\/h5>\n<p>Par ailleurs, l\u2019utilisateur est inform\u00e9 que la personne suivante a \u00e9t\u00e9 nomm\u00e9e D\u00e9l\u00e9gu\u00e9 \u00e0 la Protection des Donn\u00e9es\u00a0: Philippe Rabiller.<\/p>\n<p>Le r\u00f4le du D\u00e9l\u00e9gu\u00e9 \u00e0 la Protection des Donn\u00e9es est de s\u2019assurer la bonne mise en \u0153uvre des dispositions nationales et supranationales relatives \u00e0 la collecte et au traitement des donn\u00e9es \u00e0 caract\u00e8re personnel. Il est appel\u00e9 DPO pour Data Protection Officer.<\/p>\n<p>Le d\u00e9l\u00e9gu\u00e9 \u00e0 la protection des donn\u00e9es peut \u00eatre joint par e-mail \u00e0 l\u2019adresse \u00a0<a href=\"mailto:philippe@smr-industries.fr\">philippe@smr-industries.fr<\/a>.<\/p>\n<p>&nbsp;<\/p>\n<h4><span style=\"color: #1e73be;\">ARTICLE 5\u00a0:<\/span> Cookies<\/h4>\n<p>Qu&#8217;est-ce q&#8217;un &#8220;cookie&#8221; ?<\/p>\n<p>Un &#8220;Cookie&#8221; ou traceur est un fichier \u00e9lectronique d\u00e9pos\u00e9 sur un terminal (ordinateur, tablette, smartphone,&#8230;) et lu par exemple lors de la consultation d&#8217;un site internet, de la lecture d&#8217;un courrier \u00e9lectronique, de l&#8217;installation d&#8217;un logiciel ou d&#8217;une application mobile et ce quel que soit le type de terminal utilis\u00e9 (source : https:\/\/www.cnil.fr\/fr\/cookies-traceurs-que-dit-la-loi).<\/p>\n<p>En naviguant sur ce site, des &#8220;cookies&#8221; \u00e9manant de la soci\u00e9t\u00e9 responsable du site concern\u00e9 et\/ou des soci\u00e9t\u00e9s tiers pourront \u00eatre d\u00e9pos\u00e9s sur votre terminal.<\/p>\n<p>L&#8217;utilisateur a la possibilit\u00e9 de d\u00e9sactiver les cookies \u00e0 partir de son navigateur.<\/p>\n<p>Toutes les informations collect\u00e9es ne seront utilis\u00e9es que pour suivre le volume, le type et la configuration du trafic utilisant ce site, pour en d\u00e9velopper la conception et l&#8217;agencement et \u00e0 d&#8217;autres fins administratives et de planification et plus g\u00e9n\u00e9ralement pour am\u00e9liorer le service que nous vous offrons.<\/p>\n<p>Les cookies suivants sont pr\u00e9sents sur ce site :<\/p>\n<ul>\n<li>pum-1799 : pop-up informative \u00e0 l&#8217;ouverture du site<\/li>\n<\/ul>\n<p>La dur\u00e9e de vie de ces cookies est de un jour<\/p>\n<p>Pour plus d&#8217;information sur l&#8217;utilisation, la gestion et la suppression des &#8220;cookies&#8221;, pour tout type de navigateur, nous vous invitons \u00e0 consulter le lien suivant : https:\/\/www.cnil.fr\/fr\/cookies-les-outils-pour-les-maitriser.<\/p>\n<h4><span style=\"color: #1e73be;\">ARTICLE 6 :<\/span> DROITS DE L&#8217;UTILISATEUR<\/h4>\n<p>Conform\u00e9ment \u00e0 la r\u00e8glementation concernant le traitement des donn\u00e9es \u00e0 caract\u00e8re personnel, l\u2019utilisateur poss\u00e8de les droits ci-apr\u00e8s \u00e9num\u00e9r\u00e9s.<\/p>\n<p>Afin que le responsable du traitement des donn\u00e9es fasse droit \u00e0 sa demande, l\u2019utilisateur est tenu de lui communiquer\u00a0: ses pr\u00e9nom et nom ainsi que son adresse e-mail.<\/p>\n<p>Le responsable du traitement des donn\u00e9es est tenu de r\u00e9pondre \u00e0 l\u2019utilisateur dans un d\u00e9lai de 30 (trente) jours maximum.<\/p>\n<h5>A\/ Pr\u00e9sentation des droits de l\u2019utilisateur en mati\u00e8re de collecte et traitement de donn\u00e9es<\/h5>\n<h6>1. Droit d\u2019acc\u00e8s, de rectification et droit \u00e0 l\u2019effacement<\/h6>\n<p>L\u2019utilisateur peut prendre connaissance, mettre \u00e0 jour, modifier ou demander la suppression des donn\u00e9es le concernant, en respectant la proc\u00e9dure ci-apr\u00e8s \u00e9nonc\u00e9e\u00a0:<\/p>\n<p>L\u2019utilisateur doit envoyer un e-mail \u00e0 \u00a0<a href=\"mailto:philippe@smr-industries.fr\">philippe@smr-industries.fr<\/a>.\u00a0en pr\u00e9cisant l\u2019objet de sa demande.<\/p>\n<h6>2. Droit \u00e0 la portabilit\u00e9 des donn\u00e9es<\/h6>\n<p>L\u2019utilisateur a le droit de demander la portabilit\u00e9 de ses donn\u00e9es personnelles, d\u00e9tenues par le site, vers un autre site, en se conformant \u00e0 la proc\u00e9dure ci-apr\u00e8s\u00a0:<\/p>\n<p>L\u2019utilisateur doit envoyer un e-mail \u00e0 \u00a0<a href=\"mailto:philippe@smr-industries.fr\">philippe@smr-industries.fr<\/a>.\u00a0en pr\u00e9cisant l\u2019objet de sa demande.<\/p>\n<h6>3. Droit \u00e0 la limitation et \u00e0 l\u2019opposition du traitement des donn\u00e9es<\/h6>\n<p>L\u2019utilisateur a le droit de demander la limitation ou de s\u2019opposer au traitement de ses donn\u00e9es par le site, sans que le site ne puisse refuser, sauf \u00e0 d\u00e9montrer l\u2019existence de motifs l\u00e9gitimes et imp\u00e9rieux, pouvant pr\u00e9valoir sur les int\u00e9r\u00eats et les droits et libert\u00e9s de l\u2019utilisateur.<\/p>\n<p>Afin de demander la limitation du traitement de ses donn\u00e9es ou de formuler une opposition au traitement de ses donn\u00e9es, l\u2019utilisateur doit suivre la proc\u00e9dure suivante\u00a0:<\/p>\n<p>L\u2019utilisateur doit envoyer un e-mail \u00e0 \u00a0<a href=\"mailto:philippe@smr-industries.fr\">philippe@smr-industries.fr<\/a>.\u00a0en pr\u00e9cisant l\u2019objet de sa demande.<\/p>\n<h6>4. Droit de ne pas faire l\u2019objet d\u2019une d\u00e9cision fond\u00e9e exclusivement sur un proc\u00e9d\u00e9 automatis\u00e9<\/h6>\n<p>Conform\u00e9ment aux dispositions du r\u00e8glement 2016\/679, l\u2019utilisateur a le droit de ne pas faire l\u2019objet d\u2019une d\u00e9cision fond\u00e9e exclusivement sur un proc\u00e9d\u00e9 automatis\u00e9 si la d\u00e9cision produit des effets juridiques le concernant, ou l\u2019affecte de mani\u00e8re significative de fa\u00e7on similaire.<\/p>\n<h6>5. Droit de d\u00e9terminer le sort des donn\u00e9es apr\u00e8s la mort<\/h6>\n<p>Il est rappel\u00e9 \u00e0 l\u2019utilisateur qu\u2019il peut organiser quel doit \u00eatre le devenir de ses donn\u00e9es collect\u00e9es et trait\u00e9es s\u2019il d\u00e9c\u00e8de, conform\u00e9ment \u00e0 la loi n\u00b02016-1321 du 7 octobre 2016.<\/p>\n<h6>6. Droit de saisir l\u2019autorit\u00e9 de contr\u00f4le comp\u00e9tente<\/h6>\n<p>Dans le cas o\u00f9 le responsable du traitement des donn\u00e9es d\u00e9cide de ne pas r\u00e9pondre \u00e0 la demande de l\u2019utilisateur, et que l\u2019utilisateur souhaite contester cette d\u00e9cision, ou, s\u2019il pense qu\u2019il est port\u00e9 atteinte \u00e0 l\u2019un des droits \u00e9num\u00e9r\u00e9s ci-dessus, il est en droit de saisir la CNIL (Commission Nationale de l\u2019Informatique et des Libert\u00e9s, <a href=\"https:\/\/www.cnil.fr\">https:\/\/www.cnil.fr<\/a>) ou tout juge comp\u00e9tent.<\/p>\n<h5>B\/ Donn\u00e9es personnelles des personnes mineures<\/h5>\n<p>Conform\u00e9ment aux dispositions de l\u2019article 8 du r\u00e8glement europ\u00e9en 2016\/679 et \u00e0 la loi Informatique et Libert\u00e9s, seuls les mineurs \u00e2g\u00e9s de 15 ans ou plus peuvent consentir au traitement de leurs donn\u00e9es personnelles.<\/p>\n<p>Si l\u2019utilisateur est un mineur de moins de 15 ans, l\u2019accord d\u2019un repr\u00e9sentant l\u00e9gal sera requis afin que des donn\u00e9es \u00e0 caract\u00e8re personnel puissent \u00eatre collect\u00e9es et trait\u00e9es.<\/p>\n<p>L\u2019\u00e9diteur du site se r\u00e9serve le droit de v\u00e9rifier par tout moyen que l\u2019utilisateur est \u00e2g\u00e9 de plus de 15ans, ou qu\u2019il aura obtenu l\u2019accord d\u2019un repr\u00e9sentant l\u00e9gal avant de naviguer sur le site.<\/p>\n<p>&nbsp;<\/p>\n<h4><span style=\"color: #1e73be;\">ARTICLE 7 :<\/span> CONDITIONS DE MODIFICATION DE LA POLITIQUE DE CONFIDENTIALIT\u00c9<\/h4>\n<p>La pr\u00e9sente politique de confidentialit\u00e9 peut \u00eatre consult\u00e9e \u00e0 tout moment \u00e0 l\u2019adresse suivante\u00a0:<\/p>\n<p><a href=\"https:\/\/smr-industries.fr\/index.html\/politique-de-confidentialite\/\">https:\/\/smr-industries.fr\/index.html\/politique-de-confidentialite\/<\/a><\/p>\n<p>L\u2019\u00e9diteur du site se r\u00e9serve le droit de la modifier afin de garantir sa conformit\u00e9 avec le droit en vigueur.<\/p>\n<p>Par cons\u00e9quent, l\u2019utilisateur est invit\u00e9 \u00e0 venir consulter r\u00e9guli\u00e8rement cette politique de confidentialit\u00e9 afin de se tenir inform\u00e9 des derniers changements qui lui seront apport\u00e9s.<\/p>\n","protected":false},"excerpt":{"rendered":"<p>POLITIQUE DE CONFIDENTIALITE SMR\u00a0INDUSTRIES Puisque SMR Industries porte une attention particuli\u00e8re \u00e0 ses fid\u00e8les clients, nous mettons \u00e0 votre disposition notre politique de confidentialit\u00e9 r\u00e9vis\u00e9 le 4 Juillet 2018 en vue d\u2019une mise en conformit\u00e9 RGPD. &nbsp; ARTICLE 1\u00a0: Pr\u00e9ambule Cette politique de confidentialit\u00e9 s\u2019applique au site\u00a0: www.smr-industries.fr La pr\u00e9sente politique de confidentialit\u00e9 a pour &hellip;<\/p>\n","protected":false},"author":1,"featured_media":0,"parent":0,"menu_order":0,"comment_status":"closed","ping_status":"closed","template":"","meta":[],"_links":{"self":[{"href":"https:\/\/smr-industries.fr\/index.html\/wp-json\/wp\/v2\/pages\/1834"}],"collection":[{"href":"https:\/\/smr-industries.fr\/index.html\/wp-json\/wp\/v2\/pages"}],"about":[{"href":"https:\/\/smr-industries.fr\/index.html\/wp-json\/wp\/v2\/types\/page"}],"author":[{"embeddable":true,"href":"https:\/\/smr-industries.fr\/index.html\/wp-json\/wp\/v2\/users\/1"}],"replies":[{"embeddable":true,"href":"https:\/\/smr-industries.fr\/index.html\/wp-json\/wp\/v2\/comments?post=1834"}],"version-history":[{"count":6,"href":"https:\/\/smr-industries.fr\/index.html\/wp-json\/wp\/v2\/pages\/1834\/revisions"}],"predecessor-version":[{"id":1846,"href":"https:\/\/smr-industries.fr\/index.html\/wp-json\/wp\/v2\/pages\/1834\/revisions\/1846"}],"wp:attachment":[{"href":"https:\/\/smr-industries.fr\/index.html\/wp-json\/wp\/v2\/media?parent=1834"}],"curies":[{"name":"wp","href":"https:\/\/api.w.org\/{rel}","templated":true}]}}